Calculate g(-17).
7
Let i(m) = -m**2 - 15*m. Calculate i(-4).
44
Let u(h) = -4*h - 2. What is u(2)?
-10
Let k(r) = 3*r**3 + 45*r**2 - 45*r + 38. Determine k(-16).
-10
Let u(d) = d**2 + 3. Determine u(0).
3
Let w(c) = c**2 + c - 6. What is w(-6)?
24
Let s(x) = -x - 12. Give s(4).
-16
Let x(n) = n**3 - 7*n**2 - 37*n + 65. What is x(10)?
-5
Let c(t) = t**2 + 20*t + 17. Calculate c(-19).
-2
Let j(y) = -7*y + 46. Give j(-3).
67
Let o(w) = 4*w + 14. Determine o(-7).
-14
Let v(i) = -i**2 - 4*i + 114. Calculate v(-14).
-26
Let l(m) = 2*m + 21. Give l(-10).
1
Let t(r) = 4*r**2 - 11*r - 6. What is t(7)?
113
Let p(w) = -w**2 - 12*w + 11. Give p(-9).
38
Let b(p) = p**3 - 4*p**2 - 17. Determine b(5).
8
Let p(i) = -3*i**2 + 4*i - 2. What is p(3)?
-17
Let v(j) = j**2 + 24*j - 30. What is v(-25)?
-5
Let d(u) = 3*u + 9. Give d(-5).
-6
Let c(x) = 18*x**2. Calculate c(-1).
18
Let k(g) = 3*g + 47. Give k(-16).
-1
Let s(l) = 13*l**2 + l. Determine s(1).
14
Let o(t) = 3*t**3 - 10*t**2 + 8*t - 17. What is o(4)?
47
Let h(v) = -v**2 + 18*v - 7. What is h(13)?
58
Let z(w) = -w**3 - 4*w**2 - 6*w - 10. Calculate z(-4).
14
Let g(s) = 2*s**2 - 2*s - 19. Give g(0).
-19
Let v(h) = -h**3 - 8*h**2 - 12*h - 15. Give v(-6).
-15
Let j(s) = s**2 + 3*s - 59. Determine j(0).
-59
Let w(v) = 2*v**2 - 8*v. Give w(4).
0
Let q(f) = f**3 + 8*f**2 + 4*f + 32. Give q(-8).
0
Let k(r) = -2*r + 9. What is k(5)?
-1
Let z(a) = -a**2 + 36*a + 28. Calculate z(37).
-9
Let a(z) = z**2 + 2*z - 536. What is a(22)?
-8
Let c(z) = z + 9. Give c(3).
12
Let o(z) = -6*z - 9. Give o(-5).
21
Let a(o) = -o**3 - o**2 + o + 8. What is a(0)?
8
Let o(a) = 8*a - 2. What is o(2)?
14
Let d(u) = 9*u + 34. What is d(-3)?
7
Let v(j) = -6*j - 53. Give v(-8).
-5
Let l(w) = -w**3 + w**2 + 10*w + 3. Determine l(-3).
9
Let d(c) = -c - 21. Give d(-9).
-12
Let q(u) = -u**2 + 8*u + 33. Determine q(12).
-15
Let k(j) = -j**3 + 15*j**2 - 43*j - 9. What is k(11)?
2
Let z(w) = -w**2 + 2*w + 18. Calculate z(6).
-6
Let p(k) = -2*k. Calculate p(-3).
6
Let v(i) = -i**3 - 5*i**2 - 2*i - 2. Determine v(-5).
8
Let y(n) = n**2 + 3*n - 4. Calculate y(1).
0
Let c(y) = -y**2 - 13*y - 4. Calculate c(-10).
26
Let c(v) = -22*v - 24. Calculate c(-4).
64
Let m(n) = n**3 - 14*n**2 - 13*n - 39. Give m(15).
-9
Let g(c) = -3*c**3 - 2*c**2 + 3. Determine g(-3).
66
Let g(k) = k**3 - 5*k**2 - 27*k + 20. What is g(8)?
-4
Let y(p) = -43*p + 420. Give y(10).
-10
Let b(o) = 2*o - 6. Determine b(5).
4
Let v(g) = -g**3 - 8*g**2 - 8*g + 3. Give v(-4).
-29
Let g(a) = -a**3 + 8*a**2 + 10*a. What is g(9)?
9
Let g(u) = -u**2 - 4*u - 2. What is g(-5)?
-7
Let u(r) = -r**2 - 15*r - 30. Calculate u(-12).
6
Let r(j) = j**3 + 2*j**2 - 4*j + 2. What is r(2)?
10
Let u(i) = -4*i. Calculate u(-2).
8
Let o(g) = g**2 + 5*g - 2. Calculate o(-4).
-6
Let j(l) = -126*l - 16. Calculate j(1).
-142
Let q(a) = -a**3 + 3*a**2 - 4*a + 3. Give q(2).
-1
Let a(w) = -2*w**2 - 163*w - 245. Determine a(-80).
-5
Let b(x) = x**3 - 8*x**2 - 33*x + 9. Determine b(11).
9
Let b(c) = c**2 - 17*c - 790. Give b(-21).
8
Let o(c) = 48*c + 290. Calculate o(-6).
2
Let c(r) = 2*r - 40. What is c(23)?
6
Let c(k) = -39*k + 208. Give c(5).
13
Let i(p) = -6*p**3 + p**2 - 2*p - 2. Determine i(-2).
54
Let r(t) = -4*t + 31. Determine r(7).
3
Let q(z) = -z**3 + 3*z - 9. Give q(2).
-11
Let f(y) = -y**2 - 9*y - 4. Determine f(-7).
10
Let q(j) = -j**2 - 13*j + 145. Calculate q(7).
5
Let y(q) = -q**3 + 10*q**2 - 8*q - 5. Determine y(9).
4
Let l(u) = u**3 + 6*u**2 - 6. What is l(-5)?
19
Let x(c) = c**2 - c - 42. Give x(0).
-42
Let v(n) = -n**3 - 13*n**2 - 14*n - 18. Determine v(-12).
6
Let a(x) = x**3 + 11*x**2 + 11*x - 19. Determine a(-10).
-29
Let q(v) = v**2 + 11*v - 12. Determine q(-12).
0
Let w(s) = -15*s - 13. Give w(-1).
2
Let t(r) = -r + 12. Give t(19).
-7
Let a(o) = -o**3 - 21*o**2 - 19*o + 19. Give a(-20).
-1
Let a(t) = -2*t + 29. Calculate a(13).
3
Let w(x) = 2*x**3 + 7*x**2 - 12*x + 1. Give w(-5).
-14
Let n(f) = 20*f - 19. Give n(3).
41
Let o(n) = -2*n + 16. Determine o(2).
12
Let o(a) = a**3 + 15*a**2 + a + 2. Determine o(-15).
-13
Let g(k) = -k**3 - 4*k**2 + k. Give g(-3).
-12
Let w(s) = -s**2 + 9*s + 52. Give w(13).
0
Let m(z) = 2*z**2 - 8*z - 452. What is m(17)?
-10
Let v(g) = g**2 - 5*g - 1. What is v(5)?
-1
Let b(x) = -14*x + 9. Calculate b(-4).
65
Let l(z) = z**3 - 13*z**2 + 12*z - 5. Determine l(12).
-5
Let l(y) = 2*y**2 - 4. What is l(0)?
-4
Let h(w) = -w**2 - w + 78. What is h(8)?
6
Let r(j) = -5*j - 1. Give r(-4).
19
Let y(n) = -4*n**3 + n**2 + 2*n - 2. Determine y(1).
-3
Let g(c) = c**3 + 3*c**2 + c - 5. What is g(-4)?
-25
Let l(k) = 2*k**2 + 9*k - 11. What is l(-5)?
-6
Let m(h) = -14*h + 214. Determine m(18).
-38
Let m(c) = 2*c**2 - 19*c. Calculate m(12).
60
Let a(f) = 20*f - 1. What is a(1)?
19
Let w(c) = -c**3 + c + 1. Give w(2).
-5
Let j(v) = v**3 + 16*v**2 + 53*v + 14. Give j(-4).
-6
Let t(p) = 6*p - 9. Give t(5).
21
Let b(g) = g**2 + 12*g - 108. What is b(-18)?
0
Let i(u) = -6*u - 5. Give i(-2).
7
Let c(l) = -2*l**3 + 8*l**2 + 3*l + 5. What is c(4)?
17
Let w(d) = d**2 - 4*d - 5. Determine w(5).
0
Let y(b) = b**2 - 31. Determine y(-5).
-6
Let x(k) = -5*k - 72. Calculate x(-15).
3
Let g(f) = -f**3 - 17*f**2 + 21*f + 20. What is g(-18)?
-34
Let x(y) = 2*y**3 + y**2 + 2*y - 6. What is x(-3)?
-57
Let z(x) = -2*x + 3. Give z(0).
3
Let k(l) = 3*l**2 - 22*l + 25. Determine k(8).
41
Let o(p) = -p + 5. What is o(8)?
-3
Let l(b) = 3*b - 26. Determine l(8).
-2
Let k(a) = a**3 - a**2 + 5*a - 7. Give k(2).
7
Let h(c) = -c**3 - 8*c**2 - 21*c - 42. Give h(-6).
12
Let s(d) = -4*d + 6. Determine s(2).
-2
Let u(k) = -7*k - 2. What is u(1)?
-9
Let s(z) = -4*z - 3. Calculate s(-5).
17
Let l(v) = 12*v + 19. Give l(0).
19
Let r(v) = -v**3 - 4*v**2 + 2*v - 8. Give r(-5).
7
Let f(y) = -y**2 + 22*y + 63. Calculate f(24).
15
Let q(u) = -4*u - 8. Give q(-7).
20
Let x(g) = 2*g + 1. What is x(5)?
11
Let s(u) = u**3 + 4*u**2 - 6*u + 6. Determine s(-7).
-99
Let j(o) = 13*o**2 + o. Calculate j(1).
14
Let c(r) = -2*r - 3. Give c(-3).
3
Let f(t) = -3*t + 14. Give f(-13).
53
Let h(a) = a**3 - 28*a**2 + 59*a - 183. Determine h(26).
-1
Let t(l) = -3*l + 53. What is t(17)?
2
Let p(v) = v**3 + 17*v**2 + 19*v + 39. Calculate p(-16).
-9
Let y(a) = a**3 + 4*a**2 - 7. Calculate y(-3).
2
Let n(w) = -w**3 - 6*w**2 + 3. Calculate n(-5).
-22
Let v(w) = -w**3 + 7*w**2 - 75*w + 528. What is v(7)?
3
Let z(j) = 2*j**2 - 4*j + 3. What is z(-5)?
73
Let b(t) = t**3 + 16*t**2 + 17*t + 14. Give b(-15).
-16
Let m(v) = v**2 + 3*v - 7. Calculate m(-5).
3
Let y(f) = -14*f - 67. Determine y(-5).
3
Let g(f) = f**2 - 9*f + 13. Determine g(4).
-7
Let y(k) = -k**2 + 6*k - 22. Calculate y(5).
-17
Let m(x) = 2*x**2 - 2*x - 28. Calculate m(4).
-4
Let r(g) = g**3 + 4*g**2 + 5*g + 1. Calculate r(-4).
-19
Let c(w) = 2*w**3 + 2*w**2 - 3*w - 1. Determine c(-3).
-28
Let v(d) = -d**2 - 8*d. Give v(-4).
16
Let u(b) = b + 3. What is u(-5)?
-2
Let u(o) = 5*o**2 - 45*o + 42. Determine u(8).
2
Let x(k) = k**2 + 12*k + 12. What is x(-9)?
-15
Let c(t) = -t**2 - 8*t - 27. What is c(-9)?
-36
Let k(t) = 6*t + 115. Determine k(-18).
7
Let d(m) = 149*m + 300. Calculate d(-2).
2
Let h(q) = q**3 + 13*q**2 + 21*q + 11. Determine h(-11).
22
Let x(y) = -46*y - 132. Give x(-3).
6
Let g(q) = -108*q + 648. Give g(6).
0
Let p(n) = 15*n**2 - 3*n - 4. What is p(-1)?
14
Let x(o) = 6*o**2 - 71*o - 9. Give x(12).
3
Let v(l) = -l**3 + 16*l**2 + 13*l + 15. Determine v(17).
-53
Let k(v) = 63*v**2 - 2*v - 2. Determine k(-1).
63
Let v(w) = -w**2 + 28*w + 34. Give v(29).
5
Let w(l) = -l - 6. Calculate w(0).
-6
Let t(c) = -c**3 - 15*c**2 - c + 14. Determine t(-15).
29
Let w(j) = j**3 - 3*j**2 + 2*j + 9. Calculate w(4).
33
Let j(x) = x**3 + 14*x**2 + x - 161. Calculate j(-13).
-5
Let y(w) = -2*w**2 + 4*w - 4. Give y(4).
-20
Let p(g) = -g - 79. Give p(0).
-79
Let a(v) = v**2 - 32*v - 323. What is a(40)?
-3
Let i(n) = -3*n + 33. What is i(13)?
-6
Let d(g) = 339*g - 2378. Give d(7).
-5
Let o(l) = -18*l + 140. Determine o(7).
14
Let w(q) = -q**3 - 3*q**2 - q + 1. What is w(-4)?
21
Let n(l) = -2*l - 92. Calculate n(-42).
-8
Let v(g) = -g + 10. Determine v(10).
0
Let m(d) = 2*d**2 + 11*d - 3. Calculate m(-6).
3
Let b(j) = 11*j - 1. Give b(-2).
-23
Let y(a) = a**2 - 31*a + 85. Calculate y(28).
1
Let 